.
3
What is the highest common divisor of 540 and 765?
45
Calculate the highest common divisor of 1 and 37.
1
Calculate the greatest common factor of 200 and 380.
20
Calculate the highest common factor of 26 and 52.
26
Calculate the highest common divisor of 208 and 32.
16
Calculate the highest common divisor of 27 and 585.
9
Calculate the greatest common divisor of 45 and 693.
9
What is the highest common divisor of 630 and 84?
42
What is the highest common divisor of 42 and 78?
6
Calculate the greatest common divisor of 163 and 5.
1
Calculate the greatest common divisor of 33473 and 187.
187
Calculate the highest common factor of 2534 and 28.
14
Calculate the greatest common divisor of 692 and 12.
4
Calculate the greatest common factor of 35 and 7.
7
What is the highest common divisor of 51 and 238?
17
What is the highest common divisor of 135 and 27?
27
Calculate the greatest common factor of 215 and 155.
5
What is the highest common divisor of 220 and 5380?
20
What is the greatest common factor of 338 and 442?
26
Calculate the highest common divisor of 108 and 1278.
18
Calculate the greatest common factor of 1022 and 28.
14
What is the highest common divisor of 45 and 207?
9
What is the highest common divisor of 28 and 252?
28
Calculate the greatest common factor of 11227 and 218.
109
Calculate the greatest common divisor of 156 and 2301.
39
What is the greatest common divisor of 95 and 247?
19
Calculate the greatest common divisor of 90 and 10.
10
What is the highest common divisor of 14 and 7?
7
What is the greatest common factor of 66 and 114?
6
What is the greatest common divisor of 22 and 88?
22
Calculate the highest common divisor of 3809 and 208.
13
Calculate the greatest common divisor of 81 and 1431.
27
What is the highest common factor of 1680 and 770?
70
What is the greatest common factor of 132 and 48?
12
Calculate the greatest common factor of 14 and 4.
2
What is the greatest common factor of 131 and 36287?
131
Calculate the greatest common divisor of 2 and 2.
2
What is the highest common factor of 459 and 189?
27
What is the greatest common factor of 49 and 917?
7
What is the greatest common factor of 236 and 4?
4
Calculate the highest common divisor of 143 and 44.
11
Calculate the greatest common divisor of 117 and 441.
9
Calculate the greatest common factor of 319 and 203.
29
Calculate the greatest common divisor of 765 and 1445.
85
Calculate the highest common divisor of 612 and 108.
36
Calculate the highest common factor of 663 and 612.
51
What is the greatest common divisor of 12 and 762?
6
Calculate the highest common factor of 618 and 6.
6
What is the highest common factor of 8 and 72?
8
Calculate the highest common factor of 5 and 965.
5
What is the highest common factor of 33291 and 137?
137
Calculate the highest common factor of 638 and 22.
22
Calculate the greatest common factor of 125 and 20.
5
What is the greatest common divisor of 208 and 949?
13
Calculate the greatest common factor of 5 and 245.
5
What is the highest common factor of 2 and 84?
2
What is the highest common factor of 22 and 517?
11
What is the greatest common factor of 12 and 25212?
12
What is the highest common divisor of 470 and 10?
10
Calculate the highest common divisor of 108 and 240.
12
What is the highest common factor of 14 and 511?
7
What is the highest common factor of 15 and 1095?
15
What is the highest common divisor of 345 and 138?
69
What is the greatest common divisor of 518 and 168?
14
What is the greatest common divisor of 7831 and 697?
41
Calculate the greatest common divisor of 540 and 2295.
135
What is the greatest common divisor of 1156 and 68?
68
Calculate the highest common factor of 8 and 46.
2
What is the highest common divisor of 55 and 10065?
55
What is the greatest common divisor of 330 and 10?
10
Calculate the greatest common factor of 18 and 2376.
18
Calculate the highest common divisor of 80 and 240.
80
What is the greatest common factor of 94 and 4230?
94
Calculate the highest common divisor of 2093 and 23.
23
What is the highest common divisor of 104 and 1924?
52
Calculate the highest common divisor of 5221 and 2497.
227
What is the greatest common divisor of 10 and 16?
2
What is the greatest common factor of 22029 and 21?
21
What is the greatest common factor of 243 and 27?
27
What is the greatest common divisor of 172 and 23822?
86
What is the greatest common factor of 84 and 7581?
21
What is the greatest common factor of 1260 and 558?
18
Calculate the highest common divisor of 10 and 98.
2
Calculate the highest common divisor of 3537 and 27.
27
Calculate the highest common factor of 4814 and 58.
58
Calculate the highest common divisor of 105 and 231.
21
What is the highest common divisor of 928 and 9628?
116
Calculate the greatest common divisor of 37 and 2923.
37
What is the greatest common divisor of 900 and 135?
45
Calculate the highest common divisor of 17 and 2125.
17
What is the greatest common divisor of 48 and 636?
12
What is the highest common factor of 897 and 46?
23
Calculate the greatest common factor of 21 and 567.
21
Calculate the highest common divisor of 486 and 58.
2
Calculate the greatest common divisor of 10 and 435.
5
Calculate the greatest common factor of 168 and 4326.
42
What is the greatest common divisor of 70 and 2590?
70
What is the greatest common factor of 1 and 4999?
1
Calculate the highest common factor of 77 and 1936.
11
Calculate the highest common divisor of 86 and 946.
86
Calculate the greatest common divisor of 340 and 51.
17
Calculate the greatest common factor of 1430 and 260.
130
What is the greatest common factor of 1 and 125?
1
What is the greatest common divisor of 841 and 29?
29
Calculate the greatest common divisor of 39 and 138.
3
What is the highest common factor of 216 and 28?
4
What is the greatest common factor of 370 and 8695?
185
Calculate the greatest common divisor of 493 and 1392.
29
What is the highest common factor of 40 and 760?
40
Calculate the highest common factor of 41 and 943.
41
Calculate the greatest common factor of 45 and 9000.
45
What is the greatest common factor of 99 and 66?
33
What is the highest common factor of 182 and 104?
26
Calculate the greatest common divisor of 23 and 184.
23
What is the highest common divisor of 2240 and 112?
112
What is the highest common factor of 1602 and 178?
178
What is the greatest common divisor of 178 and 4?
2
Calculate the highest common divisor of 125 and 1625.
125
Calculate the greatest common divisor of 237 and 79.
79
What is the greatest common divisor of 87 and 3741?
87
Calculate the greatest common divisor of 12 and 834.
6
Calculate the greatest common factor of 432 and 1548.
36
What is the highest common factor of 90 and 560?
10
Calculate the highest common divisor of 1 and 5.
1
What is the greatest common divisor of 26 and 4186?
26
Calculate the greatest common factor of 155 and 93.
31
What is the greatest common factor of 39 and 871?
13
What is the greatest common divisor of 322 and 7889?
161
What is the highest common factor of 43 and 2021?
43
What is the highest common divisor of 2108 and 8?
4
Calculate the highest common divisor of 1775 and 71.
71
What is the highest common factor of 98 and 89278?
98
Calculate the greatest common factor of 29 and 2117.
29
Calculate the greatest common divisor of 36 and 132.
12
What is the greatest common divisor of 3888 and 48?
48
What is the highest common factor of 687 and 3?
3
What is the greatest common divisor of 20 and 316?
4
What is the highest common divisor of 17 and 425?
17
Calculate the highest common divisor of 723 and 15.
3
What is the greatest common factor of 3 and 147?
3
What is the greatest common factor of 2880 and 270?
90
What is the greatest common factor of 81 and 99?
9
Calculate the highest common divisor of 9 and 55899.
9
What is the highest common divisor of 1017 and 63?
9
Calculate the highest common divisor of 660 and 132.
132
What is the highest common divisor of 1904 and 70?
14
Calculate the highest common factor of 1570 and 30.
10
What is the highest common divisor of 162 and 522?
18
What is the greatest common factor of 57 and 9?
3
What is the greatest common divisor of 34 and 2?
2
What is the greatest common factor of 1848 and